109746 is divided by 29379.
28
Calculate the remainder when 187686 is divided by 62518.
132
Calculate the remainder when 57840069 is divided by 813.
810
What is the remainder when 1743389 is divided by 489?
104
Calculate the remainder when 260689 is divided by 10.
9
Calculate the remainder when 2451904 is divided by 175121.
210
What is the remainder when 17783496 is divided by 28?
24
Calculate the remainder when 1408142 is divided by 704065.
12
Calculate the remainder when 1275084 is divided by 616.
580
Calculate the remainder when 18573608 is divided by 110.
108
Calculate the remainder when 217396 is divided by 5193.
4483
Calculate the remainder when 356030305 is divided by 2488.
2481
What is the remainder when 1196702 is divided by 164?
158
Calculate the remainder when 290505 is divided by 3264.
9
What is the remainder when 333648 is divided by 14503?
79
Calculate the remainder when 187154 is divided by 7364.
3054
What is the remainder when 8496990 is divided by 272?
254
What is the remainder when 1802353 is divided by 58118?
695
Calculate the remainder when 218744 is divided by 732.
608
What is the remainder when 6719648 is divided by 10683?
41
What is the remainder when 50162027 is divided by 155?
152
Calculate the remainder when 20459202 is divided by 6080.
2
Calculate the remainder when 380190 is divided by 480.
30
What is the remainder when 15829 is divided by 5262?
43
What is the remainder when 1368853 is divided by 152092?
25
What is the remainder when 920335 is divided by 401?
40
What is the remainder when 736897 is divided by 445?
422
Calculate the remainder when 9849128 is divided by 215.
193
Calculate the remainder when 16895 is divided by 4003.
883
Calculate the remainder when 1931128 is divided by 3046.
3010
What is the remainder when 75660 is divided by 3151?
36
What is the remainder when 1136247 is divided by 29?
27
Calculate the remainder when 23376 is divided by 8202.
6972
Calculate the remainder when 246760 is divided by 2111.
1884
What is the remainder when 8059925 is divided by 100?
25
Calculate the remainder when 1502427 is divided by 4245.
3942
Calculate the remainder when 19264 is divided by 1141.
1008
Calculate the remainder when 5798209 is divided by 60398.
1
Calculate the remainder when 227161 is divided by 113475.
211
Calculate the remainder when 7011129 is divided by 2337033.
30
Calculate the remainder when 3777204 is divided by 24.
12
Calculate the remainder when 1562567 is divided by 788.
751
Calculate the remainder when 402699 is divided by 4666.
1423
What is the remainder when 157602 is divided by 60?
42
Calculate the remainder when 9711596 is divided by 56.
20
Calculate the remainder when 46942 is divided by 610.
582
What is the remainder when 46180 is divided by 208?
4
Calculate the remainder when 2213035 is divided by 53.
20
What is the remainder when 5149960 is divided by 95?
10
Calculate the remainder when 384705 is divided by 280.
265
What is the remainder when 201606 is divided by 9110?
1186
What is the remainder when 3139407 is divided by 784851?
3
Calculate the remainder when 398327 is divided by 397816.
511
What is the remainder when 80628 is divided by 40011?
606
Calculate the remainder when 49118 is divided by 265.
93
Calculate the remainder when 4809159 is divided by 2182.
31
Calculate the remainder when 1390496 is divided by 173812.
0
Calculate the remainder when 209864 is divided by 104920.
24
What is the remainder when 10217 is divided by 3033?
1118
Calculate the remainder when 408103 is divided by 58225.
528
Calculate the remainder when 20335865 is divided by 4067170.
15
Calculate the remainder when 45372041 is divided by 56.
1
What is the remainder when 147003 is divided by 78?
51
Calculate the remainder when 505013499 is divided by 4150.
4149
Calculate the remainder when 362227 is divided by 769.
28
What is the remainder when 1981779 is divided by 27?
6
Calculate the remainder when 11941955 is divided by 1422.
1421
Calculate the remainder when 195034 is divided by 301.
287
What is the remainder when 501758 is divided by 211?
0
Calculate the remainder when 9227781 is divided by 184.
181
What is the remainder when 4797689 is divided by 927?
464
Calculate the remainder when 7429399 is divided by 3812.
3623
Calculate the remainder when 471597 is divided by 235766.
65
What is the remainder when 21450834 is divided by 5947?
5
What is the remainder when 1424596 is divided by 200?
196
Calculate the remainder when 10736307 is divided by 168.
99
Calculate the remainder when 732889 is divided by 1636.
1597
Calculate the remainder when 29232 is divided by 5486.
1802
Calculate the remainder when 136206 is divided by 2619.
18
Calculate the remainder when 2348426 is divided by 587071.
142
Calculate the remainder when 2087075 is divided by 1249.
1245
Calculate the remainder when 27860634 is divided by 18402.
6
Calculate the remainder when 2053673 is divided by 230.
3
Calculate the remainder when 58943 is divided by 2560.
63
Calculate the remainder when 257187 is divided by 51435.
12
Calculate the remainder when 1484288 is divided by 1484262.
26
Calculate the remainder when 24498683 is divided by 12.
11
What is the remainder when 2209199836 is divided by 13?
12
Calculate the remainder when 9944519 is divided by 318.
23
Calculate the remainder when 10308 is divided by 7682.
2626
Calculate the remainder when 51590 is divided by 2325.
440
What is the remainder when 18976 is divided by 1917?
1723
Calculate the remainder when 398737309 is divided by 16.
13
What is the remainder when 1737281 is divided by 315?
56
What is the remainder when 18897944 is divided by 799?
795
What is the remainder when 76442 is divided by 837?
275
Calculate the remainder when 54009 is divided by 5951.
450
What is the remainder when 4700647 is divided by 44?
39
What is the remainder when 64016 is divided by 32006?
4
What is the remainder when 5942119 is divided by 1188412?
59
What is the remainder when 177151 is divided by 2076?
691
What is the remainder when 11192479 is divided by 10?
9
Calculate the remainder when 899520934 is divided by 554.
552
Calculate the remainder when 121313867 is divided by 4.
3
Calculate the remainder when 93620831 is divided by 25039.
10
What is the remainder when 393354 is divided by 56178?
108
Calculate the remainder when 2851458271 is divided by 2938.
2937
What is the remainder when 1686406 is divided by 110?
106
Calculate the remainder when 126684 is divided by 927.
612
What is the remainder when 84865436 is divided by 430789?
3
What is the remainder when 210936 is divided by 52670?
256
Calculate the remainder when 353495 is divided by 114346.
10457
What is the remainder when 717886813 is divided by 66?
61
What is the remainder when 226883938 is divided by 57?
55
What is the remainder when 52591 is divided by 2754?
265
What is the remainder when 427001 is divided by 352?
25
Calculate the remainder when 79851 is divided by 2105.
1966
Calculate the remainder when 345546 is divided by 5804.
3110
Calculate the remainder when 42978566 is divided by 8595712.
6
Calculate the remainder when 10094758 is divided by 1240.
1158
What is the remainder when 33950391 is divided by 8487596?
7
Calculate the remainder when 119390 is divided by 29425.
1690
Calculate the remainder when 3341567 is divided by 556926.
11
Calculate the remainder when 14319678 is divided by 1460.
1458
Calculate the remainder when 345575 is divided by 60.
35
What is the remainder when 15918 is divided by 1660?
978
Calculate the remainder when 89657217 is divided by 10.
7
What is the remainder when 12464269 is divided by 162?
151
What is the remainder when 36786 is divided by 10?
6
What is the remainder when 294130 is divided by 2001?
1984
What is the remainder when 878124 is divided by 6503?
219
What is the remainder when 7263775 is divided by 20993?
197
Calculate the remainder when 1583500 is divided by 16845.
70
What is the remainder when 207546922 is divided by 21?
16
What is the remainder when 86685 is divided by 80?
45
Calculate the remainder when 418835 is divided by 202.
89
What is the remainder when 4100055 is divided by 2049977?
101
Calculate the remainder when 2993694 is divided by 68037.
66
Calculate the remainder when 15687423 is 